h(113).
-37
Let f(u) = -u**3 - 95*u**2 + 3288*u - 706. Calculate f(-122).
26
Let m(l) = 7*l**3 + 257*l**2 + 164*l - 29. Calculate m(-36).
547
Let x(t) = 24*t**3 - 237*t**2 + 557*t + 9. Calculate x(6).
3
Let h(a) = -a**2 + 1958*a + 53818. What is h(-27)?
223
Let q(s) = 14*s**2 - 88*s - 293. Calculate q(7).
-223
Let m(y) = 912*y + 2969. Give m(-3).
233
Let o(u) = -u**2 - 208*u + 8810. Give o(-243).
305
Let d(g) = -56*g - 2503. Determine d(-57).
689
Let r(z) = -12*z - 2169. Determine r(-174).
-81
Let c(l) = 17*l**3 - 542*l**2 - 62*l - 98. Determine c(32).
-34
Let k(n) = -n**3 + 44*n**2 - 139*n + 6354. What is k(44)?
238
Let y(t) = -1415*t + 16823. Calculate y(12).
-157
Let n(q) = 25594*q - 204985. Calculate n(8).
-233
Let m(c) = 13925*c - 905116. Calculate m(65).
9
Let k(f) = -33*f**2 - 4560*f + 3764. Calculate k(-139).
11
Let k(j) = -6*j**2 + 237*j + 63499. Give k(-85).
4
Let j(m) = 32*m**3 + 14*m**2 + 74*m. Determine j(-4).
-2120
Let p(r) = -r**3 - 1526*r**2 + 113384*r - 4772. Give p(-1597).
19
Let y(b) = 179018*b + 9129914. Calculate y(-51).
-4
Let l(j) = 2*j**3 + 611*j**2 - 3083*j - 42. Give l(5).
68
Let l(x) = -137*x**2 - 1906*x + 51. Determine l(-14).
-117
Let w(m) = 741*m + 22964. What is w(-31)?
-7
Let s(d) = -d**3 - 39*d**2 - 291*d + 1047. Give s(-15).
12
Let i(u) = -4997*u + 139920. What is i(28)?
4
Let n(p) = -9*p**2 + 1228*p + 668. Determine n(137).
-17
Let z(d) = 3616*d + 426681. What is z(-118)?
-7
Let d(c) = 23*c**3 + 159*c**2 - 3032*c - 21128. Determine d(-7).
-2
Let v(t) = 31*t**2 + 299*t - 1194. Determine v(4).
498
Let q(x) = x**3 - 27*x**2 + 119*x - 972. Give q(14).
-1854
Let q(r) = 94*r**2 - 1032*r - 35. Determine q(11).
-13
Let a(j) = -62*j**2 + 813*j - 338. Calculate a(12).
490
Let y(w) = -21*w**2 - 19883*w - 98891. Give y(-5).
-1
Let n(m) = -102*m - 2220. Calculate n(-24).
228
Let r(u) = -3*u**2 - 338*u + 8668. What is r(21)?
247
Let p(f) = 55*f**3 + 5*f**2 - 53*f - 146. Give p(-3).
-1427
Let v(g) = -1712*g**2 + 20583*g - 17. Determine v(12).
451
Let m(v) = v**3 + 41*v**2 + 397*v + 1434. Give m(-29).
13
Let v(r) = -r**3 - 99*r**2 + 839*r + 100204. Give v(-97).
3
Let f(g) = -g**3 + 164*g**2 - 5110*g + 40923. Calculate f(13).
12
Let w(l) = -l**3 - 23*l**2 - 59*l - 531. Give w(-11).
-1334
Let i(h) = h**2 + 25*h - 5101. Give i(62).
293
Let f(a) = 3093*a + 24796. Calculate f(-8).
52
Let q(d) = 1258*d + 203707. Give q(-162).
-89
Let a(b) = 4*b**3 + 33*b**2 - 243*b - 2141. Calculate a(-9).
-197
Let c(h) = h**3 - 38*h**2 + 235*h + 75. Give c(9).
-159
Let p(b) = 667*b + 10542. What is p(-18)?
-1464
Let f(z) = 2*z**2 + 368*z - 4896. Give f(13).
226
Let o(p) = -2661*p**3 - 61202*p**2 + 21*p + 18. Calculate o(-23).
64
Let y(i) = i**2 + 876*i + 59488. Determine y(-74).
140
Let g(x) = -769*x**2 + 14603*x + 187. What is g(19)?
35
Let v(z) = 263635*z + 1318171. Give v(-5).
-4
Let a(y) = -54*y**3 - y**2 + 103*y - 102. Calculate a(1).
-54
Let f(v) = -28*v**2 + 205*v + 1130. Give f(13).
-937
Let d(c) = -2*c**3 - 22*c**2 - 29*c + 188. Calculate d(-13).
1241
Let u(o) = -o**3 - 77*o**2 - 747*o - 1207. Calculate u(-9).
8
Let f(u) = -6*u**3 + 1399*u**2 - 234*u + 199. What is f(233)?
-34
Let s(g) = -5954*g + 29858. Determine s(5).
88
Let t(g) = 3*g**3 - 22*g**2 - 92*g - 17. Give t(-7).
-1480
Let d(z) = -z**2 - 3559*z + 228309. Determine d(63).
123
Let j(y) = 203*y**2 - 167*y - 167. What is j(-1)?
203
Let p(i) = -9503*i + 731702. Determine p(77).
-29
Let s(r) = -1076*r + 9511. What is s(9)?
-173
Let j(x) = -271*x**2 + 593*x + 1. What is j(2)?
103
Let o(s) = 2*s**2 + 10037*s - 1476181. Determine o(143).
8
Let f(p) = -p**2 - 207*p + 3712. Determine f(16).
144
Let z(n) = 2*n**2 - 386*n - 1714. Determine z(195).
-934
Let m(w) = -7*w**3 - 8*w**2 + 25*w - 8. Determine m(-6).
1066
Let l(i) = -507*i + 444. What is l(3)?
-1077
Let s(f) = -43*f**2 - 39*f + 1328. Calculate s(-6).
14
Let y(o) = 40107*o - 401052. Determine y(10).
18
Let c(d) = d**3 + 67*d**2 + 530*d - 1427. Determine c(-57).
853
Let b(i) = 366*i**2 + 1086*i + 11. Calculate b(-3).
47
Let m(w) = 114*w**2 + 11629*w + 47. What is m(-102)?
-55
Let h(s) = 250*s**2 + 746*s + 3. Calculate h(-3).
15
Let k(i) = -i**3 + 41*i**2 - 72*i + 65. Calculate k(39).
299
Let z(r) = 3*r**2 - 214*r - 11072. Determine z(-35).
93
Let h(z) = -1062*z**2 + 2207901*z - 6234. Determine h(2079).
3
Let d(m) = -m**3 - 330*m**2 + 1069*m + 23297. Determine d(-333).
-13
Let w(v) = 3*v**3 + 272*v**2 - 2473*v - 26. Calculate w(9).
1936
Let n(k) = 12299*k + 1279117. Determine n(-104).
21
Let l(h) = 3144*h + 12851. Determine l(-4).
275
Let m(i) = i**3 + 12*i**2 + 24*i + 402. Give m(-11).
259
Let n(d) = 436435*d + 6546502. Calculate n(-15).
-23
Let m(l) = -24378*l - 5509441. Calculate m(-226).
-13
Let r(a) = 70099*a - 841173. Calculate r(12).
15
Let i(n) = 291*n + 5551. Give i(-21).
-560
Let y(m) = -122*m**2 + 8567*m - 1909. Give y(70).
-19
Let u(h) = 11826*h + 5901215. What is u(-499)?
41
Let k(d) = 9*d**2 - 431*d - 920. What is k(49)?
-430
Let u(o) = -20322*o + 142203. Calculate u(7).
-51
Let v(r) = -r**3 + 77*r**2 + 739*r + 4. Calculate v(-10).
1314
Let p(l) = -1864*l + 13138. What is p(7)?
90
Let v(z) = 1095*z + 10280. Give v(-15).
-6145
Let b(x) = -x**2 + 218*x + 1868. What is b(-9)?
-175
Let k(q) = 2*q**3 + 6*q**2 - 3262*q - 9783. Determine k(-3).
3
Let h(u) = -u**3 - 89*u**2 + 99*u + 9139. Give h(-89).
328
Let n(c) = 112*c + 5065. Calculate n(-57).
-1319
Let o(y) = 2*y**2 + 160*y + 1525. Calculate o(-60).
-875
Let h(j) = -256*j - 4785. Determine h(-18).
-177
Let w(n) = 4454*n - 101950. Determine w(23).
492
Let r(i) = 72586*i - 290316. Determine r(4).
28
Let r(l) = 2*l**2 + 346*l - 10873. Determine r(27).
-73
Let w(y) = -123*y - 757. Calculate w(-7).
104
Let k(v) = v**3 + 141*v**2 + 4199*v - 449. Give k(-43).
196
Let p(y) = -y**2 + 741*y + 7502. What is p(751)?
-8
Let y(g) = -2*g**2 - 1906*g + 1580058. What is y(-1485)?
18
Let n(v) = 4*v**3 + 73*v**2 + 621*v + 6393. Determine n(-15).
3
Let h(d) = -4*d**2 + 20*d - 187. Give h(11).
-451
Let h(r) = 2*r**3 - 963*r**2 + 2453*r - 27776. Determine h(479).
6
Let z(w) = w**2 + 516701*w + 10333620. What is z(-20)?
0
Let d(g) = 6*g**3 + 4579*g**2 - 3995*g - 133707. Give d(-764).
-7
Let q(c) = -330*c**2 - 112*c + 33. What is q(-1)?
-185
Let n(u) = 5176*u - 8793985. Give n(1699).
39
Let u(a) = 4*a**2 + 1010*a + 35402. Determine u(-42).
38
Let c(h) = -3*h**2 - 35*h - 1162. Determine c(-30).
-2812
Let w(s) = -122*s**3 + 630*s**2 + s + 18. What is w(5)?
523
Let v(q) = 7*q**2 + 437*q + 5715. What is v(-17)?
309
Let f(w) = -15*w**2 - 76*w - 189. Determine f(-12).
-1437
Let o(j) = -j**2 - 571*j - 28838. Give o(-56).
2
Let h(j) = 43*j**2 + 78152*j + 116237. Give h(-1816).
13
Let w(x) = 2*x**3 - 181*x**2 + 1102*x + 62. Calculate w(84).
902
Let z(t) = 78*t + 3798. Determine z(-36).
990
Let a(b) = b**3 + 366*b**2 + 3527*b - 11875. What is a(-356)?
-127
Let u(c) = 2*c**3 - 159*c**2 - 1793*c + 24. Give u(-11).
-2154
Let h(f) = -21*f - 3053. Determine h(-166).
433
Let o(q) = -q**3 - 56*q**2 - 96*q - 2193. Determine o(-55).
62
Let s(n) = -16524*n + 182478. Determine s(11).
714
Let z(f) = -71*f - 8643. Calculate z(-134).
871
Let p(n) = 6*n**2 + 1241*n - 17161. Calculate p(13).
-14
Let o(k) = -k**3 + 591*k**2 - 4654*k - 5839. Determine o(583).
-9
Let m(z) = -9161*z - 503855. Determine m(-55).
0
Let m(o) = -o**3 + 3*o**2 + 5396*o + 102738. Give m(-21).
6
Let h(q) = -109*q + 22844. What is h(217)?
-809
Let p(f) = -f**2 - 2682*f + 557941. What is p(194)?
-3
Let w(n) = -n**2 + 7480*n + 89700. What is w(-12)?
-204
Let d(w) = w**2 + 36513*w + 328576. Give d(-9).
40
Let p(h) = -33*h**2 - 198*h + 25574. Determine p(25).
-1
Let j(i) = -2*i**2 + 3932*i - 142832. Give j(37).
-86
Let m(j) = -6*j**3 - 9*j**2 - 8234*j - 32899. Give m(-4).
277
Let o(m) = 1332*m - 24002. Calculate o(18).
-26
Let x(c) = c**3 + 24*c**2 + 2295*c + 55116. Determine x(-24).
36
Let y(u) = 4*u**2 + 179*u - 1575. What is y(9)?
360
Let h(g) = -35*g - 4870. Calculate h(-117).
-775
Let g(l) = -2*l**2 + 440*l - 4741. Determine g(15).
1409
Let o(g) = -285*g**2 - 100897*g - 2456. Determine o(-354).
22
Let o(k) = 3227*k - 8366. Calculate o(4).
4542
Let q(s) = -s**2 - 178*s - 4272. Calculate q(-28).
-72
Let n(h) = 8*h**2 - 475*h + 4921. What is n(46)?